e 9 = -0*w - w. Let c = w + 4. Let r = c - -8. What is the remainder when r is divided by 1?
0
Suppose 5*x = -3*t + 20, 0 = 4*x + 4*t - 8*t - 16. Let v be x/1 + -2 + 0. Calculate the remainder when 1 is divided by (-1 + -2 - -2) + v.
0
Let s(o) be the second derivative of 3*o**3/2 + 14*o**2 + 6*o. Calculate the remainder when s(7) is divided by 23.
22
Suppose -4*p - 5*c - 42 = 0, -2*p - 18 + 0 = c. Suppose -2*y + 2*v + 175 = -3*v, -5*v = -3*y + 250. Calculate the remainder when y is divided by (-154)/p - 2/8.
18
Let t be -1 + 2 - -26*1/2. Let d(a) = a**3 - 4*a**2 - 3*a + 9. Calculate the remainder when d(6) is divided by -2 - (t*10)/(-4).
30
Suppose -35 = -10*c + 25. Let v(i) = 4*i**2 - 4*i - 3. Suppose -2*j - 14 = 3*z, -3*z + 9 = 5*j + 35. What is the remainder when v(z) is divided by c?
3
Let i(j) = j**2 + 2*j + 11. What is the remainder when i(0) is divided by 9?
2
Let q(h) = -2*h**2 - 5*h + 140. Calculate the remainder when (-196)/(-6) - (-4)/(-6) is divided by q(7).
4
Let h(g) = 2*g + 3. Let z(f) = -f**3 - 4*f**2 - 3*f + 3. Calculate the remainder when z(-5) is divided by h(6).
13
Suppose 83 = 7*g - 22. What is the remainder when 268 is divided by g?
13
Suppose 15*j = 16*j - 58. Let z = 60 - j. Calculate the remainder when 4 is divided by z.
0
Suppose 0 = -82*s + 85*s - 921. Suppose 16 = -5*z - 2*k + s, 0 = 2*z - k - 120. Let a = -24 - -44. What is the remainder when z is divided by a?
19
Suppose -7*b - 4788 = -28*b. What is the remainder when b is divided by 43?
13
Suppose 4*g - 20 = -8. Suppose 38 = 2*n - n - 2*i, -4 = -2*i. Suppose 5*k + n = g*l + 2*k, -2*l - 4*k + 22 = 0. Calculate the remainder when l is divided by 4.
1
Suppose -2*o = -5*g + 22 - 3, -14 = -4*g + 2*o. Let r = -46 - -24. Calculate the remainder when g is divided by (-3)/15 + r/(-10).
1
Let k(p) = 18*p - 8. Let t(r) = r - 1. Let f(d) = -2*k(d) + 14*t(d). Let s be f(2). Let b = s + 77. What is the remainder when b is divided by 18?
17
Let b = 95 - 90. Let p = b + 24. Calculate the remainder when 56 is divided by p.
27
Let m(c) = -6*c + 37. Let i be m(5). Calculate the remainder when 112 is divided by (146/14 - 5)*i.
36
Suppose 3*b + 9*u = 4*u + 19, 13 = b - 5*u. What is the remainder when 101 is divided by b?
5
Let j(x) = 2*x**2 - 4*x. Let s be j(3). Let m be 3/s*-1*0. Suppose -y + 2*y - 14 = m. What is the remainder when 41 is divided by y?
13
Let j(y) = 9*y + 8. Suppose -3*w + 4*n + 20 = 6*n, 0 = 3*n + 15. Calculate the remainder when j(w) is divided by 9.
8
Let l(r) = 45*r. Let s be l(1). What is the remainder when s/(-6)*(-8)/6 is divided by 4?
2
Suppose -3*f - 2 = -f. Let o(x) = -x**2 - 24*x - 58. What is the remainder when (-86)/(f + 0) + 0 is divided by o(-20)?
20
Suppose 880 = 2*a - y, -y + 584 + 292 = 2*a. Calculate the remainder when a is divided by 13.
10
Let m(n) = 4*n - 3. Let b be m(3). What is the remainder when 47 is divided by (b/(-5) - -1)/(4/(-90))?
11
Let n(r) = 3*r - 19. Let f(k) = 48*k - 303. Let y(a) = 2*f(a) - 33*n(a). What is the remainder when y(-13) is divided by 21?
18
Let t(x) = 146*x - 454. Calculate the remainder when t(6) is divided by 44.
26
Let h(a) = 4*a + 6. Let d = 13 + -7. Let s be h(d). Let y = s - -3. What is the remainder when 96 is divided by y?
30
Suppose -4*h - 5*v - 9 = -33, -3*h - 4*v = -17. Let x(t) = 5*t - 3*t + 4*t + 2. Calculate the remainder when x(5) is divided by h.
10
Let n(o) = 32*o - 2. Let y(h) = 33*h - 1. Let f(w) = 6*n(w) - 5*y(w). Let c be f(2). Suppose 8*p = c + 1. Calculate the remainder when 22 is divided by p.
4
Let k(t) = 4*t**2 - 33*t + 11. Let g be k(8). Suppose 3*n + 16 = m - 2*n, -4*n = g*m - 10. Calculate the remainder when 15 is divided by m.
3
Suppose -2*j - 20 = -7*j. Suppose -j*b - 2*u + 46 = -u, -2*b + 24 = u. What is the remainder when 53 is divided by b?
9
Let m = -70 - -38. Suppose -o - 43 = 5*x, 5*o + 44 = -4*x - 3. Let i = x - m. What is the remainder when 95 is divided by i?
23
Let h(i) = -2*i**2 - 18*i + 12. Let t(u) = -u**3 - 4*u**2 + 11*u + 5. What is the remainder when h(-8) is divided by t(-6)?
6
Let m be 3*((-8)/6 - 4/(-2)). What is the remainder when 2 - -1 - m - -19 is divided by 11?
9
Suppose -147 = -35*a + 308. Calculate the remainder when 36 is divided by a.
10
Suppose 0 = -101*f + 111*f - 550. What is the remainder when f is divided by 21?
13
Let q be 2199/5 - 3/(-15). Suppose -6*j + q = -j. What is the remainder when j is divided by 18?
16
Let g be 7 + -3*4/6. Suppose 5*n = -4*f + 50, -2*n - 14 = -g*f + 32. Calculate the remainder when (-2*2)/(f/(-15)) is divided by 4.
2
Let j(b) = b**3 + 4*b**2 - 5*b - 2. What is the remainder when j(4) is divided by 42/35 + 2 + 238/10?
25
Suppose 3*t - 3 = 12. Let m = 56 - 62. Let r = 6 - m. Calculate the remainder when r is divided by t.
2
Let c(h) = 11*h - 251. Calculate the remainder when c(24) is divided by 10.
3
Calculate the remainder when (44 - (-6)/1) + 42/6 is divided by 37.
20
Let m(o) = o**3 + 4*o**2 - 2*o - 9. Let n be m(-4). Let j(s) = 19*s + 1. Let g be j(-4). Let v = n - g. Calculate the remainder when v is divided by 19.
17
Suppose 4 + 34 = 2*g. Suppose 4*r = 733 - 149. Suppose 3*i = i + r. What is the remainder when i is divided by g?
16
Suppose -3*k - 56 - 16 = 0. Let m = 52 + k. Let n(l) = 3*l**2 + 4*l - 49. What is the remainder when n(6) is divided by m?
27
Let h = -933 - -950. Suppose 0 = -4*j + 44 - 8. What is the remainder when h is divided by j?
8
Suppose 3*x = 20 + 28. What is the remainder when 31 is divided by x?
15
Calculate the remainder when 299 is divided by (2 - 4 - 1)/((-3)/43).
41
What is the remainder when 221 is divided by 20/(-3)*(-96)/120*3?
13
Suppose -16 = -s - 3*s. Suppose -276*c + 173 + 931 = 0. What is the remainder when c is divided by s?
0
Let q(w) = 13*w**2 + 30*w + 7. Calculate the remainder when 81 is divided by q(-3).
13
Suppose -4*u + 31 - 103 = 0. Let y = u + 25. Calculate the remainder when 27 is divided by y.
6
Let f be (15 - -1) + 2*-1. Let t = f - 8. Suppose -5*v - 3*a + t*a + 25 = 0, -20 = -4*a. What is the remainder when 15 is divided by v?
7
Let a(i) = 4*i + 1. Let d(n) = -2*n. Let b(w) = 3*a(w) + 7*d(w). Suppose 3*k - 12 = -3*x + 42, 4*k = x - 23. Calculate the remainder when x is divided by b(-4).
8
Suppose 0 = -3*j + 130 - 40. What is the remainder when 117 is divided by j?
27
Let n = -19 + 30. Let i = 24 - n. Suppose -i = 5*c - 68. Calculate the remainder when 20 is divided by c.
9
Suppose -12 = -2*y - 3*i, -13*y + 2*i = -10*y - 18. What is the remainder when 70 is divided by y?
4
Let g(y) = -31*y + 66. Calculate the remainder when 127 is divided by g(1).
22
Let z be 5*((-252)/10)/(-3). Let u = z + 9. Calculate the remainder when u is divided by 9.
6
Suppose -35*x - q = -33*x - 281, -713 = -5*x + q. Suppose -4*l = -4*h + 64, -3*h - 2*l - 22 + 70 = 0. What is the remainder when x is divided by h?
14
Let c be (-33 - -1)/((-3)/6). Let f = c + 2. Calculate the remainder when f is divided by (-168)/(-2 - -14) - -31.
15
Let y be 5*(0/3 + 5). Suppose 3*x = -k + 107, -3*k - y = -x + 2*k. Suppose -3*v - 1 + 55 = 0. What is the remainder when x is divided by v?
17
Calculate the remainder when (-3)/(6/(-160)) - -1 is divided by -11*(-10)/15*3.
15
Let p(k) = -k**2 - 22*k - 5. What is the remainder when p(-10) is divided by 26?
11
Let t(d) be the first derivative of d**2/2 - 4*d - 1. Let h(b) = -b**2 + 20*b - 43. What is the remainder when h(17) is divided by t(7)?
2
Suppose 3*a + 4*l = 97, 131 = -2*a + 7*a - l. Let c = a + -15. What is the remainder when 9 is divided by 5/(-2)*c/(-5)?
3
Let b = 34 - 26. What is the remainder when (-12)/16 + 118/b is divided by 9?
5
Suppose -3*d - 6 = -5*d. Let z = -3 + d. Suppose z = 5*k + g - 431 - 175, g + 120 = k. Calculate the remainder when k is divided by 31.
28
Suppose f - 165 = -4*f. Suppose 0 = i - 4*d - 19, i + 3*i + 19 = -3*d. Calculate the remainder when f is divided by 1/((-2)/i)*34.
16
Let a = 101 + -47. Suppose -24*y + 23*y + a = 0. What is the remainder when y is divided by 14?
12
Let j(p) = 23*p**3 - p**2 + 7. What is the remainder when j(2) is divided by 14?
5
Calculate the remainder when (-16 - -1)/((-86)/602) is divided by 3.
0
Let q be 214/6 - (-1)/3. Suppose -q = -27*r + 23*r. What is the remainder when r is divided by ((-12)/10)/((-